emainder when i is divided by 23?
21
What is the remainder when (-15 + 11)*(-2 + -6) is divided by 12?
8
Suppose 36 + 16 = 2*i. Let q = i + -16. Calculate the remainder when 18 is divided by q.
8
Let d(f) = f**2 - 4*f + 4. Let o be 4*(0 + (-6)/(-4)). Let h be d(o). Let c = h + -4. Calculate the remainder when 22 is divided by c.
10
Suppose -7*j + 13*j = 72. Suppose c + 3*c - 5 = 3*w, -5*w = -3*c - 10. Suppose -w*o + 24 + 11 = 0. What is the remainder when j is divided by o?
5
Suppose 2*b + 108 = 3*n, 2*n + b - 66 - 13 = 0. Calculate the remainder when 149 is divided by n.
35
Let q = 25 - 19. Calculate the remainder when 15 is divided by q.
3
Let o(w) = w**2 + 2*w + 3. Calculate the remainder when o(-11) is divided by 15.
12
Suppose p - 7 = 4. Calculate the remainder when 29 is divided by p + 3 + -6 + 0.
5
Suppose -b = -2*v + 10, 0 = -v - 3*v + 20. Let h be 1*(-3)/(-9)*b. Suppose 5*s + h*s = 30. What is the remainder when 15 is divided by s?
3
Suppose 3*j - 21 - 18 = 0. What is the remainder when (-34)/((8/(-3))/4) is divided by j?
12
Let b(z) = 15*z**3 + 2*z**2 - 1. Let u(h) = h**2 - h - 10. Let w be u(0). Let m = w + 16. What is the remainder when b(1) is divided by m?
4
Suppose -z = -4, -m + 4 = m - z. What is the remainder when 14 is divided by m?
2
Suppose 36 + 341 = 5*m + 4*u, -5*m + 5*u = -350. Calculate the remainder when m is divided by 19.
16
Let y(j) = -7*j**2 + 3*j - 2. Let b be y(2). Let r = b + -14. Let i = -14 - r. Calculate the remainder when 70 is divided by i.
22
Suppose 4*k - 498 = -4*h + h, h + 4*k = 174. Suppose h = -p + 4*p. Calculate the remainder when p is divided by 19.
16
Let y = -45 + 45. Let l = 18 + -12. Suppose 5*f - d - l = y, -4*f = -2*d - 7 + 1. Calculate the remainder when f is divided by 1.
0
Let s(g) = 3*g - 8. Let l be s(4). Suppose -l*r + 2*c + 56 = 7*c, -3*r + 42 = -5*c. Calculate the remainder when r is divided by 6.
2
Suppose -4*q + 29 = -u - 11, -12 = 3*u. Let b = -27 - -53. What is the remainder when b is divided by q?
8
Let i(h) = 6*h + 2. Let s be i(-2). Let b = s - -80. Suppose 3*x - 90 = -3*v - 2*v, 2*x = -4*v + b. Calculate the remainder when 43 is divided by v.
13
Let x(w) = -w**3 - 10*w**2 + 3*w - 28. Calculate the remainder when x(-11) is divided by 16.
12
Suppose 5*h = -38 + 223. Suppose 16 = -w + h. What is the remainder when 61 is divided by w?
19
Let g(m) = -6*m + 31. Calculate the remainder when 103 is divided by g(3).
12
Let p be 2 - -1 - 0 - 1. Suppose -p*c + 16 = 4. Let f(i) = -i**3 + 8*i**2 - 9*i + 6. What is the remainder when f(c) is divided by 13?
11
Let g(w) = 2*w**2 + 7*w + 6. Let z(p) = 7*p - 4. What is the remainder when z(3) is divided by g(-4)?
7
Suppose 3*u + 15 = 0, 4*x + 3*u = 1 - 76. Let l = -11 - x. Suppose -l*g = -10 - 2. What is the remainder when g is divided by 2?
1
Let s(z) = -z**3 + 6*z**2 + 6*z - 4. Let r be s(5). Let f = 83 - r. Let l(d) = 2*d - 1. What is the remainder when f is divided by l(6)?
10
Suppose 4*v = v + 57. What is the remainder when 73 is divided by v?
16
Let j be ((-3)/2)/(3/(-4)). Let h(r) = -4*r + 1 - 2 + r + j*r. What is the remainder when 7 is divided by h(-4)?
1
Let v = 284 - 267. What is the remainder when v is divided by (9/(-6))/((-3)/20)?
7
Let z be (12/(-9))/(-4)*-3. What is the remainder when (3 + -90)/3*z is divided by 16?
13
Suppose 2*b - 3*b = 2*j + 191, b + 190 = -j. Let o = -127 - b. What is the remainder when o is divided by 16?
14
Let k be -1*1 + 10/2. Suppose -2*v = q + 2 - k, 0 = -v + 4*q + 1. Calculate the remainder when 17 is divided by (12/(-10))/(v/(-5)).
5
Let u = -13 - -15. What is the remainder when 49 is divided by 3 + 0 + u + 12?
15
Let q be -8*(1 + 9/(-6)). Suppose 0 = q*j - 108 - 4. Calculate the remainder when j is divided by 10.
8
What is the remainder when ((-3)/4)/((-9)/756) is divided by 34?
29
Suppose 0 = -3*y + 2*u - 5*u - 3, 10 = 5*y + 2*u. Let c(w) = w**3 - 4*w**2 - w - 6. Calculate the remainder when c(5) is divided by (-84)/(-16) - 1/y.
4
Let f(b) be the second derivative of -b**3/6 + 35*b**2/2 + b. What is the remainder when f(0) is divided by 12?
11
Let x = 11 + -9. Suppose 0 = -5*a - 4*y + 31, -11 = -5*a - y + 8. What is the remainder when a is divided by ((-2)/x + 5)/2?
1
Let v be ((-4)/(-3))/(3/(-45)). What is the remainder when 44 is divided by (v/2)/(4/(-6))?
14
Suppose -40 - 10 = -p. What is the remainder when p is divided by 13?
11
Let m(z) = -z**3 - 7*z**2 - 10*z + 1. Let h(g) = g**3 - 4*g**2 + 3*g + 1. Calculate the remainder when m(-6) is divided by h(4).
12
Suppose 12*a - 15*a = -66. Calculate the remainder when a is divided by 14.
8
Let n = -69 + 78. Let p = 5 + 21. Calculate the remainder when p is divided by n.
8
Suppose 3*f + p = 86, -f = -3*f - p + 59. Suppose -2*g = 1 - f. Calculate the remainder when g is divided by 8.
5
Suppose 9*c - c = 1912. Calculate the remainder when c is divided by 48.
47
Suppose c + 4*r = 18, 0 = -c - 0*c - 5*r + 19. Let a = 5 - 9. Let f(h) = -h**3 - h**2 + 2*h + 1. What is the remainder when f(a) is divided by c?
13
Suppose 4*p - p = 27. Let q be 18/12 + 1/2. Suppose q*m = -7 + 57. What is the remainder when m is divided by p?
7
Let p(d) = -4*d**3 + 2*d + 1. Let a be p(-1). Let m = -1 + a. What is the remainder when 2 is divided by m?
0
What is the remainder when -3 + 2 - (-23 - 0) is divided by (-1 + (-22)/(-10))/(6/40)?
6
Suppose -4*u = -2*i - 76 - 78, 5*u + 5*i = 200. Calculate the remainder when u is divided by 5.
4
Suppose 5 = -5*j, 5*j - j - 21 = -5*r. Suppose -4*a + 16 = 0, o - 14 = 5*a + r. What is the remainder when o is divided by 20?
19
Suppose -2*z = 2*z - 36. What is the remainder when z is divided by 3?
0
Let p(z) = 5*z + 55. Let w be p(-11). Let g(n) = n**3 - 6*n**2 + 4*n + 4. Let i be g(4). Let b = w - i. Calculate the remainder when 34 is divided by b.
10
Suppose -3*g + t - 114 + 314 = 0, -40 = -g - 5*t. Let p = 94 - g. What is the remainder when p is divided by 16?
13
Let u(p) be the third derivative of -7/6*p**3 - 1/8*p**4 + 0 + 0*p - 2*p**2. Calculate the remainder when 32 is divided by u(-6).
10
Suppose 25 = 3*k + 2*k. Suppose k*o - 24 - 21 = 0. What is the remainder when (-76)/(-3) + (-4)/(-6) is divided by o?
8
Suppose -46 = -5*c - 6. Calculate the remainder when 23 is divided by c.
7
Suppose 0 = -7*r + 3*r + 8. What is the remainder when 35 is divided by r/(-13) - (-1180)/65?
17
Let q be 3 + 1 + (-4)/4. Suppose -q = -2*m + 9. Calculate the remainder when 16 is divided by m.
4
Suppose 4*t = -4*i + 30 + 122, -4*t = -i + 48. Calculate the remainder when i is divided by 14.
12
Calculate the remainder when 67 is divided by ((-228)/18)/((-8)/12).
10
Let a(o) = 5*o + 1. Let p(r) = -r. Calculate the remainder when a(3) is divided by p(-9).
7
Suppose -5*x + 310 = -5*k, -23 - 102 = -2*x + 3*k. What is the remainder when x is divided by 21?
19
Let y be (-6)/15 - (-7)/5. Let i = -15 + 35. Calculate the remainder when i is divided by (2/4)/(y/14).
6
Let x = -1 - -4. Let j be (-6)/(-15) + 36/10. Suppose 3*d - j*i + 6 = 0, 1 = -3*i + 10. Calculate the remainder when x is divided by d.
1
Let u = -13 - -37. What is the remainder when u is divided by -7*((-148)/28 - -4)?
6
Suppose 90 = -0*q + 2*q. Suppose -4*y - t + q = -0*y, y - 3*t = -5. What is the remainder when 38 is divided by y?
8
Let x be (-6)/15 + 42/5. Let l(c) = c**3 - 4*c**2 + 3*c. Let s be l(2). Let g = x - s. Calculate the remainder when 28 is divided by g.
8
Suppose -2*p - 6 = -5*p. Suppose -5*o + p*o = -57. Calculate the remainder when 55 is divided by o.
17
Suppose 0 = 2*f + 2*j - 4, -3*j - 4 = 2*f + j. Suppose -3*z + 41 = 4*v, -4*z + f*v = v - 65. Let t = -60 + 88. Calculate the remainder when t is divided by z.
13
Suppose 4*v = v + 60. Calculate the remainder when 77 is divided by v.
17
Calculate the remainder when 18 is divided by (-30)/9*(-3)/2.
3
Let f = -73 - -89. What is the remainder when f is divided by 4?
0
Let j = 142 - 120. Calculate the remainder when 129 is divided by j.
19
Suppose -2*i + 6*i + 8 = -4*h, -3*h + 34 = -5*i. Calculate the remainder when (15/i)/(6/(-128)) is divided by 22.
20
Suppose 9*b - 4*b - 160 = 0. Calculate the remainder when b is divided by 7.
4
Let w = 12 + -6. What is the remainder when w is divided by 4?
2
Suppose -4*j = j - 10. Suppose -x = -5*w 